u?
11
Let f = 61 - 54. Suppose 2*s - 8 = -2. Suppose c - b + 14 = -5*b, s*c = 4*b + 22. Calculate the remainder when f is divided by c.
1
Let s = 1848 - 1772. Calculate the remainder when s is divided by 8.
4
Let t = -7 - -11. Suppose 3*f = -0 - 3, -5*f = -3*w + 17. Let u = w - 2. Calculate the remainder when t is divided by u.
0
Suppose 5*g - 234 = g - 2*f, -g - 4*f + 69 = 0. Calculate the remainder when 223 is divided by g.
52
Suppose 3*v - 4*v + 3 = 0. Suppose 4*d - 43 = 19*b - 20*b, -3*b = -9. Calculate the remainder when d is divided by v.
1
Suppose -2*y = -2 + 30. Let a = y - -26. Let d(c) = -c**2 + 12*c + 7. Calculate the remainder when d(a) is divided by 6.
1
Suppose 1166 - 61 = 5*x. What is the remainder when x is divided by 8?
5
Suppose -g + 4*g - q = 25, 5*q - 19 = -g. Let o = -1 - -4. Suppose 0*n + o*n = -y - 12, -2*n - 16 = -2*y. What is the remainder when g is divided by y?
0
Let s(o) = 11*o + 1. Calculate the remainder when 255 is divided by s(6).
54
Let q(g) be the second derivative of 0 + 1/2*g**3 - 5/2*g**2 + 8*g + 1/12*g**4. What is the remainder when 23 is divided by q(-6)?
10
Let a = 156 - 142. Calculate the remainder when (-4)/(-14) + 444/a is divided by 11.
10
Let p(o) = -o**3 + 5*o**2 + 5*o + 8. Let w be p(6). Suppose 3*s - 2*s - 5*j - 42 = 0, -w*j - 8 = 0. Calculate the remainder when s is divided by 14.
8
Let i = -41 + 71. Let k(v) = -6*v**3 + 494*v**2 - 167*v + 263. Calculate the remainder when i is divided by k(82).
13
Suppose 5*c - 17 = -2. Let k(a) be the third derivative of a**5/30 - a**3/2 - a**2. Calculate the remainder when 59 is divided by k(c).
14
Calculate the remainder when (-830)/(-12) + (-18)/108 is divided by 25.
19
Suppose -s = 3*z - 6, -6*z + 4*z - 5*s = 9. Let f = z + 19. What is the remainder when f is divided by 6?
4
Suppose 29*m - 30*m = -6. Let g be 3/((-1)/6 + 0). Let k = -2 - g. What is the remainder when k is divided by m?
4
Suppose 0 = -3*y - 5*t + 28, -4*y + 2*t - 6 = -0*t. What is the remainder when (10/y)/((-4)/(-22)) is divided by 7?
6
Let v be 16/4 - 4/1. Suppose -3*u + 145 = -v*w + w, 4*w - 52 = -u. What is the remainder when u is divided by 17?
14
Let k(t) = t**3 + 46*t**2 - 1770*t - 22. Let a(d) = d**2 - 3*d + 4. Calculate the remainder when k(25) is divided by a(4).
7
Let h(r) = -r**2 + 10*r. Suppose 0 = -3*j - 3*j + 102. Suppose 2*z - 7 = 2*v + 5, -4*z = 3*v - j. Calculate the remainder when h(z) is divided by 9.
7
Suppose 0 = 9*u - 251 - 73. Calculate the remainder when 1691 is divided by u.
35
Suppose -i + 5*x + 29 = 0, -2*i = 3*i - 5*x - 225. Let a = i + -27. Calculate the remainder when 86 is divided by a.
20
Let q(b) = 30*b**3 - b**2 + 2*b - 1. Let m be (-2042)/(-10) - (-2)/(-10). Suppose -m - 318 = -6*l. Calculate the remainder when l is divided by q(1).
27
Let t(r) = 2*r**3 - 4*r**2 + 4*r + 7. Let b be t(4). Let v = 99 - b. What is the remainder when 47 is divided by v?
11
Suppose -2*p - 3*q - 12 = 0, -3*p - 2*q + 3*q + 4 = 0. Let x be (-1 + 2)/(1/5). Calculate the remainder when x + (p/2 - 0) is divided by 3.
2
Suppose -17*a = -6*a - 121. Calculate the remainder when 104 is divided by a.
5
Let v(b) = b**2 - 24*b + 18. Let n be v(25). Suppose -83 = -2*h + n. Calculate the remainder when h is divided by 33.
30
Calculate the remainder when (-108)/(-4) + (-1 - -1) is divided by 30/(-12)*(-4)/2.
2
Let y be (7 - -1) + (4 + -7 - 0). Suppose -2*o = -y*o, 2*q = o + 84. What is the remainder when q is divided by 1 - 1/(1/(-21))?
20
Let l(y) = -12*y - 150. What is the remainder when 228 is divided by l(-19)?
72
Let x(l) = 196*l - 702. Calculate the remainder when x(9) is divided by 26.
22
Suppose 139 = 2*r + 3*j, -r - j = -85 + 18. Calculate the remainder when 185 is divided by r.
61
What is the remainder when 233 is divided by (-6 - -225)*4*(-4)/(-48)?
14
Suppose -5*p + 36 = -p. Suppose 72*z - 76*z = -20. What is the remainder when p is divided by z?
4
Suppose 2*z = 862 + 752. Calculate the remainder when z is divided by 22.
15
Suppose 1 = 2*b - 5. What is the remainder when 76 is divided by (-3)/(-9) - (-77)/b?
24
Let v = 12 + -10. Suppose -5*r + 38 = 4*t, -t - 4*r + 36 = 3*t. Let k = t + v. What is the remainder when 25 is divided by k?
7
Calculate the remainder when 647 is divided by 4 + -75*(2/(-3) - 0).
53
Let w = -950 - -1017. What is the remainder when w is divided by (10/(-2))/(4/(-8))?
7
Let z = 6 + 8. Let m be (z/(-6) + 2)*-6. What is the remainder when (m - 41)/((-6)/10) is divided by 17?
14
Suppose 5*w + 0 = -3*f - 2, 2*f + 5*w = 2. Let k be (3/f)/(7/308). Let g = k - -64. What is the remainder when g is divided by 11?
9
Suppose -2*b - b + 21 = 0. Suppose -10 = 2*y + 3*l, 3*y = -0*y + l + b. Calculate the remainder when 2 is divided by y.
0
Let w = 5855 + -5820. Let o(j) = -j**2 + j + 15. What is the remainder when w is divided by o(0)?
5
Let f = 21 + -75. Let l = f + 78. What is the remainder when l is divided by 14?
10
Let p = -38 + 53. Let c = -81 - -124. What is the remainder when c is divided by p?
13
Let j be ((-80)/(-44) + 4/22)/1. Let y(n) be the second derivative of 9*n**3/2 + n**2/2 + n. What is the remainder when y(j) is divided by 19?
17
Let m(o) = -2*o + 4*o + 1 - 11. Let x be m(18). Let a = x + -10. What is the remainder when a is divided by 12?
4
Suppose 0 = -4*o + 22*o - 378. Calculate the remainder when o is divided by 7.
0
Let b(f) = -5*f - 35. Let i = 57 - 65. Calculate the remainder when 18 is divided by b(i).
3
Suppose 1131 = 22*g - 167. Calculate the remainder when 123 is divided by g.
5
Let g be ((-104)/234)/((-2)/9). Let v(m) = m**2 + 2*m - 3. Let x be v(2). What is the remainder when 54 is divided by g/x - (-408)/30?
12
Let u = -45 - -46. What is the remainder when (-161)/(-1) + (-4)/u is divided by 10?
7
Suppose 41 = 3*v - 40. Let c = 31 + 10. Calculate the remainder when c is divided by (-33)/v - (-2)/9 - -12.
8
Let k be 0*4/(-12)*1. Let z(g) = -5*g**3 + g**2 + g. Let y be z(-1). Let r = y - k. Calculate the remainder when 22 is divided by r.
2
Suppose -6*g + 4*g - 24 = -2*w, -2*w + 12 = g. Let c = w + -4. Suppose -c*j + 51 = -3*j. Calculate the remainder when j is divided by 13.
12
Suppose 8*v - 1451 - 2237 = 0. What is the remainder when v is divided by 50?
11
Let d = -141 - -139. Let g(q) = -4*q**3 - 5*q**2 - 3*q + 3. Suppose -5*n - 139 = -759. Calculate the remainder when n is divided by g(d).
19
Let o(p) = p**2 + 3*p + 20. Let z = 115 + -121. What is the remainder when 106 is divided by o(z)?
30
Let f(c) = 43*c + 3. Let n be f(-1). Let l = -34 - n. What is the remainder when 46 is divided by l?
4
Let n be (-54)/(-8) - 15/20. Let i be (n/10 - 1)*-25. Calculate the remainder when 18 is divided by (i/7)/((-2)/(-14)).
8
Let x = 1 + 2. Suppose x*p = -2*a + 45, -3*a = 5*p - 2*p - 42. Let b = p - 8. Calculate the remainder when b is divided by 3.
0
Let b = -263 + 291. What is the remainder when -2*((-321)/6 - 2) is divided by b?
27
Suppose -91 + 1171 = 40*o. Suppose -3*v - 5*w + 412 = 0, v + 142 = 2*v + 4*w. Calculate the remainder when v is divided by o.
26
Let r be 30*4/(13 - 1). Let q = r - 0. What is the remainder when q is divided by 4?
2
Let t = -311 + 438. Calculate the remainder when t is divided by 44.
39
Suppose z - 2*s + 24 = 6*z, 3*z - 4*s = 4. Suppose z*g - 7*g + 15 = 0. Suppose g*c - 103 = 2. What is the remainder when 81 is divided by c?
18
Suppose 0 = -4*b + 2*b - 2. Let g(l) = -l + 1. Let a(r) = -14*r**2 - 3*r + 4. Let x(v) = b*a(v) + 4*g(v). Calculate the remainder when 25 is divided by x(1).
12
Let m(b) = 2*b**3 + 3*b**2 + 3*b + 3. Let l be m(-2). Let a(p) = 2*p**2 - 8*p - 11. Calculate the remainder when a(l) is divided by 18.
17
Let b = -254 + 261. Calculate the remainder when b is divided by 6.
1
Let q = 98 - -43. Suppose 2*o + g + 91 = 5*o, 5*o + g = q. Calculate the remainder when o is divided by 6.
5
Suppose -169 = -2*v - 5*z - 0*z, -z = 1. Let b = -8 + v. What is the remainder when b is divided by 20?
19
Suppose 96 = -19*p + 21*p. What is the remainder when p is divided by 16?
0
Let w(u) = 9*u - u**2 - 9 - 1 + 0*u**2. Let o = 3613 - 3610. What is the remainder when w(7) is divided by o?
1
Let w = 358 - 311. Calculate the remainder when w is divided by 10.
7
Suppose -7 = -2*v - 3. Let k be (-80)/(-12) - v/3. Suppose -k